{"id":879,"date":"2026-04-23T08:06:00","date_gmt":"2026-04-23T08:06:00","guid":{"rendered":"https:\/\/vskoe.de\/?page_id=879"},"modified":"2026-04-28T08:31:31","modified_gmt":"2026-04-28T06:31:31","slug":"schulsozialarbeit","status":"publish","type":"page","link":"https:\/\/vskoe.de\/?page_id=879","title":{"rendered":"Schulsozialarbeit"},"content":{"rendered":"\n<div class=\"wp-block-columns is-layout-flex wp-container-core-columns-is-layout-9d6595d7 wp-block-columns-is-layout-flex\">\n<div class=\"wp-block-column is-layout-flow wp-block-column-is-layout-flow\" style=\"flex-basis:100%\">\n<div class=\"wp-block-columns is-layout-flex wp-container-core-columns-is-layout-9d6595d7 wp-block-columns-is-layout-flex\">\n<div class=\"wp-block-column is-layout-flow wp-block-column-is-layout-flow\"><div class=\"wp-block-image\">\n<figure class=\"aligncenter size-full is-resized\"><img loading=\"lazy\" decoding=\"async\" width=\"420\" height=\"286\" src=\"https:\/\/vskoe.de\/wp-content\/uploads\/2026\/04\/jas-2-e1727858875514-2.jpg\" alt=\"\" class=\"wp-image-1047\" style=\"aspect-ratio:1.4685439004983087;width:239px;height:auto\" srcset=\"https:\/\/vskoe.de\/wp-content\/uploads\/2026\/04\/jas-2-e1727858875514-2.jpg 420w, https:\/\/vskoe.de\/wp-content\/uploads\/2026\/04\/jas-2-e1727858875514-2-300x204.jpg 300w\" sizes=\"auto, (max-width: 420px) 100vw, 420px\" \/><\/figure>\n<\/div><\/div>\n\n\n\n<div class=\"wp-block-column is-layout-flow wp-block-column-is-layout-flow\"><div class=\"wp-block-image\">\n<figure class=\"alignleft size-full\"><img loading=\"lazy\" decoding=\"async\" width=\"395\" height=\"127\" src=\"https:\/\/vskoe.de\/wp-content\/uploads\/2026\/04\/awo-2.jpg\" alt=\"\" class=\"wp-image-1048\" srcset=\"https:\/\/vskoe.de\/wp-content\/uploads\/2026\/04\/awo-2.jpg 395w, https:\/\/vskoe.de\/wp-content\/uploads\/2026\/04\/awo-2-300x96.jpg 300w\" sizes=\"auto, (max-width: 395px) 100vw, 395px\" \/><\/figure>\n<\/div><\/div>\n<\/div>\n<\/div>\n<\/div>\n\n\n\n<ul class=\"wp-block-list\">\n<li>Probleme an\/mit der Schule?<\/li>\n\n\n\n<li>Streit mit Freunden?<\/li>\n\n\n\n<li>Schwierigkeiten zu Hause?<\/li>\n\n\n\n<li>Pers\u00f6nliche Sorgen?<\/li>\n\n\n\n<li>Keinen Ausbildungs-\/Praktikumsplatz?<\/li>\n<\/ul>\n\n\n\n<p class=\"has-text-align-center has-vivid-red-color has-text-color has-link-color wp-elements-f5049443fdc7d9729c7739708825b7ac\"><strong>&#8230;Ich bin f\u00fcr Dich da!<\/strong><\/p>\n\n\n\n<p><strong>Das biete ich an:<\/strong><\/p>\n\n\n\n<ul class=\"wp-block-list\">\n<li>Beratung von Kindern und Jugendlichen bei<br>schulischen, famili\u00e4ren und pers\u00f6nlichen Problemen\n<ul class=\"wp-block-list\">\n<li>Unterst\u00fctzung von Eltern bei Erziehungsfragen<\/li>\n<\/ul>\n<\/li>\n\n\n\n<li>Projekte zum sozialen Miteinander<\/li>\n\n\n\n<li>Vernetzung mit Kooperationspartnern<\/li>\n<\/ul>\n\n\n\n<p class=\"has-vivid-red-color has-text-color has-link-color wp-elements-23ea234ba8c30d861ab282f079a3ec06\"><strong>\u00dcbrigens:<\/strong><br><strong>Das Angebot ist freiwillig, kostenlos und absolut vertraulich!<\/strong><\/p>\n\n\n\n<p><\/p>\n\n\n\n<div style=\"height:59px\" aria-hidden=\"true\" class=\"wp-block-spacer\"><\/div>\n\n\n\n<p style=\"font-size:26px\"><strong>Jugendsozialarbeit an der Grund- und Mittelschule K\u00f6nigsdorf<\/strong><\/p>\n\n\n\n<div class=\"wp-block-columns is-layout-flex wp-container-core-columns-is-layout-9d6595d7 wp-block-columns-is-layout-flex\">\n<div class=\"wp-block-column is-vertically-aligned-center is-layout-flow wp-block-column-is-layout-flow\">\n<p><strong>Birte Sch\u00e4fer<\/strong><br>Sozialp\u00e4dagogin (FH)<br>Sedlmeierstr. 10, 82549 K\u00f6nigsdorf<br>Tel.: 08179 &#8211; 9979404<br>E-Mail: birte.schaefer[at]awo.obb.de<br><strong>Sprechzeiten: <\/strong> Mo bis Do 08.30 &#8211; 13.00 und nach Vereinbarung<\/p>\n<\/div>\n\n\n\n<div class=\"wp-block-column is-layout-flow wp-block-column-is-layout-flow\">\n<figure class=\"wp-block-image size-large is-resized\"><img loading=\"lazy\" decoding=\"async\" width=\"758\" height=\"1024\" src=\"https:\/\/vskoe.de\/wp-content\/uploads\/2026\/04\/Birte_bleistift-758x1024.png\" alt=\"\" class=\"wp-image-1218\" style=\"aspect-ratio:0.740113968526561;width:198px;height:auto\" srcset=\"https:\/\/vskoe.de\/wp-content\/uploads\/2026\/04\/Birte_bleistift-758x1024.png 758w, https:\/\/vskoe.de\/wp-content\/uploads\/2026\/04\/Birte_bleistift-222x300.png 222w, https:\/\/vskoe.de\/wp-content\/uploads\/2026\/04\/Birte_bleistift-768x1038.png 768w, https:\/\/vskoe.de\/wp-content\/uploads\/2026\/04\/Birte_bleistift.png 880w\" sizes=\"auto, (max-width: 758px) 100vw, 758px\" \/><\/figure>\n<\/div>\n<\/div>\n\n\n\n<p><\/p>\n","protected":false},"excerpt":{"rendered":"<p>&#8230;Ich bin f\u00fcr Dich da! Das biete ich an: \u00dcbrigens:Das Angebot ist freiwillig, kostenlos und absolut vertraulich! Jugendsozialarbeit an der Grund- und Mittelschule K\u00f6nigsdorf Birte Sch\u00e4ferSozialp\u00e4dagogin (FH)Sedlmeierstr. 10, 82549 K\u00f6nigsdorfTel.: 08179 &#8211; 9979404E-Mail: birte.schaefer[at]awo.obb.deSprechzeiten: Mo bis Do 08.30 &#8211; 13.00 und nach Vereinbarung<\/p>\n","protected":false},"author":3,"featured_media":0,"parent":0,"menu_order":0,"comment_status":"closed","ping_status":"closed","template":"","meta":{"footnotes":""},"class_list":["post-879","page","type-page","status-publish","hentry"],"_links":{"self":[{"href":"https:\/\/vskoe.de\/index.php?rest_route=\/wp\/v2\/pages\/879","targetHints":{"allow":["GET"]}}],"collection":[{"href":"https:\/\/vskoe.de\/index.php?rest_route=\/wp\/v2\/pages"}],"about":[{"href":"https:\/\/vskoe.de\/index.php?rest_route=\/wp\/v2\/types\/page"}],"author":[{"embeddable":true,"href":"https:\/\/vskoe.de\/index.php?rest_route=\/wp\/v2\/users\/3"}],"replies":[{"embeddable":true,"href":"https:\/\/vskoe.de\/index.php?rest_route=%2Fwp%2Fv2%2Fcomments&post=879"}],"version-history":[{"count":23,"href":"https:\/\/vskoe.de\/index.php?rest_route=\/wp\/v2\/pages\/879\/revisions"}],"predecessor-version":[{"id":1224,"href":"https:\/\/vskoe.de\/index.php?rest_route=\/wp\/v2\/pages\/879\/revisions\/1224"}],"wp:attachment":[{"href":"https:\/\/vskoe.de\/index.php?rest_route=%2Fwp%2Fv2%2Fmedia&parent=879"}],"curies":[{"name":"wp","href":"https:\/\/api.w.org\/{rel}","templated":true}]}}