{"id":1261,"date":"2026-04-28T15:08:24","date_gmt":"2026-04-28T13:08:24","guid":{"rendered":"https:\/\/vskoe.de\/?page_id=1261"},"modified":"2026-04-28T15:17:26","modified_gmt":"2026-04-28T13:17:26","slug":"ema","status":"publish","type":"page","link":"https:\/\/vskoe.de\/?page_id=1261","title":{"rendered":"Erfolgreicher Mittelschulabschluss"},"content":{"rendered":"\n<h1 class=\"wp-block-heading has-text-color has-link-color wp-elements-2882d491563251b44ed94541393f0dfc\" style=\"color:#fbc438;font-size:35px\"><strong>Erfolgreicher Abschluss der Mittelschule: Ihr Start ins Berufsleben<\/strong><\/h1>\n\n\n\n<p>Der \u201eErfolgreiche Abschluss der Mittelschule\u201c ist das Fundament f\u00fcr die berufliche Zukunft. Er wird am Ende der 9. Jahrgangsstufe erworben und ist der erste wichtige Meilenstein auf dem Weg ins Erwachsenenleben. Er bescheinigt, dass die Anforderungen der Mittelschule erfolgreich gemeistert wurden und man f\u00fcr den Einstieg in die Arbeitswelt ist.<\/p>\n\n\n\n<div style=\"height:40px\" aria-hidden=\"true\" class=\"wp-block-spacer\"><\/div>\n\n\n\n<h3 class=\"wp-block-heading has-text-color has-link-color wp-elements-104bfcfd7846a7e29364a883b659d0f5\" style=\"color:#559a9d;font-size:25px\"><strong>Was ist der \u201eErfolgreiche Abschluss\u201c?<\/strong><\/h3>\n\n\n\n<p>Dieser Abschluss ist der regul\u00e4re Bildungsabschluss nach neun Schuljahren. Er bildet die Basis f\u00fcr eine solide berufliche Laufbahn und ist bei vielen Ausbildungsbetrieben \u2013 insbesondere im Handwerk und in der Industrie \u2013 sehr gesch\u00e4tzt.<\/p>\n\n\n\n<div style=\"height:40px\" aria-hidden=\"true\" class=\"wp-block-spacer\"><\/div>\n\n\n\n<h3 class=\"wp-block-heading has-text-color has-link-color wp-elements-6879d12055a5008a2eae39cc004eccc7\" style=\"color:#559a9d;font-size:25px\"><strong>Wie erreicht man den Abschluss?<\/strong><\/h3>\n\n\n\n<p>Der Abschluss wird auf Basis der Leistungen der 9. Jahrgangsstufe vergeben. Voraussetzung ist das Bestehen der Abschlussklasse. Entscheidend ist hierbei nicht nur die schriftliche Leistung in den F\u00e4chern, sondern auch die Mitarbeit und das Engagement w\u00e4hrend des gesamten Schuljahres. Ein wesentlicher und praxisnaher Bestandteil ist dabei die Projektpr\u00fcfung.<\/p>\n\n\n\n<div style=\"height:40px\" aria-hidden=\"true\" class=\"wp-block-spacer\"><\/div>\n\n\n\n<h3 class=\"wp-block-heading has-text-color has-link-color wp-elements-06a2fb06069330280b3cad07f21c2a6f\" style=\"color:#559a9d;font-size:25px\"><strong>Welche Aussichten habe ich mit diesem Abschluss?<\/strong><\/h3>\n\n\n\n<p>Mit dem \u201eErfolgreichen Abschluss der Mittelschule\u201c stehen viele T\u00fcren offen:<\/p>\n\n\n\n<ul class=\"wp-block-list\">\n<li><strong>Der Einstieg in die Ausbildung:<\/strong> Dies ist der klassische Weg. Viele Betriebe suchen engagierte Jugendliche, die motiviert sind, einen Beruf von der Pike auf zu lernen. Wir unterst\u00fctzen  dabei, den passenden Ausbildungsplatz zu finden.<\/li>\n\n\n\n<li><strong>Spezialisierung:<\/strong> Im Anschluss an die Schule gibt es zahlreiche weiterf\u00fchrende berufliche Schulen oder Berufsvorbereitungsjahre, in denen Kenntnisse vertieft werden k\u00f6nnen.<\/li>\n\n\n\n<li><strong>Die Basis f\u00fcr mehr:<\/strong> Dieser Abschluss ist ein erster Schritt. Viele unserer ehemaligen Sch\u00fcler nutzen die erworbenen Kompetenzen, um sich in ihrer Ausbildung weiterzuentwickeln oder sp\u00e4ter noch den \u201eQuali\u201c oder sogar den \u201eMittleren Schulabschluss\u201c \u00fcber berufliche Fortbildungen nachzuholen.<\/li>\n<\/ul>\n","protected":false},"excerpt":{"rendered":"<p>Erfolgreicher Abschluss der Mittelschule: Ihr Start ins Berufsleben Der \u201eErfolgreiche Abschluss der Mittelschule\u201c ist das Fundament f\u00fcr die berufliche Zukunft. Er wird am Ende der 9. Jahrgangsstufe erworben und ist der erste wichtige Meilenstein auf dem Weg ins Erwachsenenleben. Er bescheinigt, dass die Anforderungen der Mittelschule erfolgreich gemeistert wurden und man f\u00fcr den Einstieg in die Arbeitswelt ist. Was ist der \u201eErfolgreiche Abschluss\u201c? Dieser Abschluss ist der regul\u00e4re Bildungsabschluss nach neun Schuljahren. Er bildet die Basis f\u00fcr eine solide berufliche Laufbahn und ist bei vielen Ausbildungsbetrieben \u2013 insbesondere im Handwerk und in der Industrie \u2013 sehr gesch\u00e4tzt. Wie erreicht man den Abschluss? Der Abschluss wird auf Basis der Leistungen der 9. Jahrgangsstufe vergeben. Voraussetzung ist das Bestehen der Abschlussklasse. Entscheidend ist hierbei nicht nur die schriftliche Leistung in den F\u00e4chern, sondern auch die Mitarbeit und das Engagement w\u00e4hrend des gesamten Schuljahres. Ein wesentlicher und praxisnaher Bestandteil ist dabei die Projektpr\u00fcfung. Welche Aussichten habe ich mit diesem Abschluss? Mit dem \u201eErfolgreichen Abschluss der Mittelschule\u201c stehen viele T\u00fcren offen:<\/p>\n","protected":false},"author":2,"featured_media":0,"parent":0,"menu_order":0,"comment_status":"closed","ping_status":"closed","template":"","meta":{"footnotes":""},"class_list":["post-1261","page","type-page","status-publish","hentry"],"_links":{"self":[{"href":"https:\/\/vskoe.de\/index.php?rest_route=\/wp\/v2\/pages\/1261","targetHints":{"allow":["GET"]}}],"collection":[{"href":"https:\/\/vskoe.de\/index.php?rest_route=\/wp\/v2\/pages"}],"about":[{"href":"https:\/\/vskoe.de\/index.php?rest_route=\/wp\/v2\/types\/page"}],"author":[{"embeddable":true,"href":"https:\/\/vskoe.de\/index.php?rest_route=\/wp\/v2\/users\/2"}],"replies":[{"embeddable":true,"href":"https:\/\/vskoe.de\/index.php?rest_route=%2Fwp%2Fv2%2Fcomments&post=1261"}],"version-history":[{"count":3,"href":"https:\/\/vskoe.de\/index.php?rest_route=\/wp\/v2\/pages\/1261\/revisions"}],"predecessor-version":[{"id":1273,"href":"https:\/\/vskoe.de\/index.php?rest_route=\/wp\/v2\/pages\/1261\/revisions\/1273"}],"wp:attachment":[{"href":"https:\/\/vskoe.de\/index.php?rest_route=%2Fwp%2Fv2%2Fmedia&parent=1261"}],"curies":[{"name":"wp","href":"https:\/\/api.w.org\/{rel}","templated":true}]}}