{"id":1192,"date":"2026-04-27T16:58:02","date_gmt":"2026-04-27T14:58:02","guid":{"rendered":"https:\/\/vskoe.de\/?page_id=1192"},"modified":"2026-04-28T14:00:56","modified_gmt":"2026-04-28T12:00:56","slug":"mittagsbetreuung","status":"publish","type":"page","link":"https:\/\/vskoe.de\/?page_id=1192","title":{"rendered":"Mittagsbetreuung"},"content":{"rendered":"\n<h2 class=\"wp-block-heading has-text-color has-link-color wp-elements-ecccd8974f23eb62ef4f1db95de9628f\" style=\"color:#559a9d;font-size:35px\"><strong>Unsere Mittagsbetreuung<\/strong><\/h2>\n\n\n\n<figure class=\"wp-block-gallery has-nested-images columns-default is-cropped wp-block-gallery-1 is-layout-flex wp-block-gallery-is-layout-flex\">\n<figure class=\"wp-block-image size-large\"><img loading=\"lazy\" decoding=\"async\" width=\"1024\" height=\"768\" data-id=\"1242\" src=\"https:\/\/vskoe.de\/wp-content\/uploads\/2026\/04\/1000070181-1-1024x768.jpg\" alt=\"\" class=\"wp-image-1242\" srcset=\"https:\/\/vskoe.de\/wp-content\/uploads\/2026\/04\/1000070181-1-1024x768.jpg 1024w, https:\/\/vskoe.de\/wp-content\/uploads\/2026\/04\/1000070181-1-300x225.jpg 300w, https:\/\/vskoe.de\/wp-content\/uploads\/2026\/04\/1000070181-1-768x576.jpg 768w, https:\/\/vskoe.de\/wp-content\/uploads\/2026\/04\/1000070181-1-1536x1152.jpg 1536w, https:\/\/vskoe.de\/wp-content\/uploads\/2026\/04\/1000070181-1-2048x1536.jpg 2048w, https:\/\/vskoe.de\/wp-content\/uploads\/2026\/04\/1000070181-1-1140x855.jpg 1140w\" sizes=\"auto, (max-width: 1024px) 100vw, 1024px\" \/><\/figure>\n\n\n\n<figure class=\"wp-block-image size-large\"><img loading=\"lazy\" decoding=\"async\" width=\"1024\" height=\"768\" data-id=\"1241\" src=\"https:\/\/vskoe.de\/wp-content\/uploads\/2026\/04\/1000070179-1-1024x768.jpg\" alt=\"\" class=\"wp-image-1241\" srcset=\"https:\/\/vskoe.de\/wp-content\/uploads\/2026\/04\/1000070179-1-1024x768.jpg 1024w, https:\/\/vskoe.de\/wp-content\/uploads\/2026\/04\/1000070179-1-300x225.jpg 300w, https:\/\/vskoe.de\/wp-content\/uploads\/2026\/04\/1000070179-1-768x576.jpg 768w, https:\/\/vskoe.de\/wp-content\/uploads\/2026\/04\/1000070179-1-1536x1152.jpg 1536w, https:\/\/vskoe.de\/wp-content\/uploads\/2026\/04\/1000070179-1-2048x1536.jpg 2048w, https:\/\/vskoe.de\/wp-content\/uploads\/2026\/04\/1000070179-1-1140x855.jpg 1140w\" sizes=\"auto, (max-width: 1024px) 100vw, 1024px\" \/><\/figure>\n<\/figure>\n\n\n\n<div style=\"height:40px\" aria-hidden=\"true\" class=\"wp-block-spacer\"><\/div>\n\n\n\n<p>Die Mittagsbetreuung ist ein zentraler Ankerpunkt in unserem Schulleben. Sie bietet unseren Grundschulkindern einen verl\u00e4sslichen Raum, in dem sie nach Unterrichtsende spielen, essen und entspannen k\u00f6nnen \u2013 eine echte Entlastung f\u00fcr Familien und ein Gewinn f\u00fcr die Kinder.<\/p>\n\n\n\n<p>Bisher wurde unsere Mittagsbetreuung durch den <em><a href=\"http:\/\/www.jf-koenigsdorf.de\/\">Verein zur F\u00f6rderung von Kindern und Jugendlichen in K\u00f6nigsdorf e. V.<\/a><\/em> mit viel Engagement organisiert. Wir bedanken uns herzlich beim Team der Mittagsbetreuung und dem Jugendf\u00f6rderverein f\u00fcr die langj\u00e4hrige Begleitung unserer Kinder.<\/p>\n\n\n\n<p>Um unsere Betreuung zukunftssicher und flexibel aufzustellen, steht zum Schuljahr 2026\/27 ein Wechsel des Tr\u00e4gers bevor: Ab September 2026 \u00fcbernimmt der Tr\u00e4ger <em>ErLe \u2013 Erlebnis Lernen e. V.<\/em> die Mittagsbetreuung an unserer Schule<strong>.<\/strong> Dieser Wechsel erm\u00f6glicht uns eine nahtlose Fortf\u00fchrung und Weiterentwicklung der bestehenden Angebote in bew\u00e4hrter Umgebung.<\/p>\n\n\n\n<div style=\"height:40px\" aria-hidden=\"true\" class=\"wp-block-spacer\"><\/div>\n\n\n\n<figure class=\"wp-block-gallery has-nested-images columns-default is-cropped wp-block-gallery-2 is-layout-flex wp-block-gallery-is-layout-flex\">\n<figure class=\"wp-block-image size-large\"><img loading=\"lazy\" decoding=\"async\" width=\"1024\" height=\"768\" data-id=\"1244\" src=\"https:\/\/vskoe.de\/wp-content\/uploads\/2026\/04\/1000070177-1024x768.jpg\" alt=\"\" class=\"wp-image-1244\" srcset=\"https:\/\/vskoe.de\/wp-content\/uploads\/2026\/04\/1000070177-1024x768.jpg 1024w, https:\/\/vskoe.de\/wp-content\/uploads\/2026\/04\/1000070177-300x225.jpg 300w, https:\/\/vskoe.de\/wp-content\/uploads\/2026\/04\/1000070177-768x576.jpg 768w, https:\/\/vskoe.de\/wp-content\/uploads\/2026\/04\/1000070177-1536x1152.jpg 1536w, https:\/\/vskoe.de\/wp-content\/uploads\/2026\/04\/1000070177-2048x1536.jpg 2048w, https:\/\/vskoe.de\/wp-content\/uploads\/2026\/04\/1000070177-1140x855.jpg 1140w\" sizes=\"auto, (max-width: 1024px) 100vw, 1024px\" \/><\/figure>\n\n\n\n<figure class=\"wp-block-image size-large\"><img loading=\"lazy\" decoding=\"async\" width=\"1024\" height=\"768\" data-id=\"1243\" src=\"https:\/\/vskoe.de\/wp-content\/uploads\/2026\/04\/1000070178-1024x768.jpg\" alt=\"\" class=\"wp-image-1243\" srcset=\"https:\/\/vskoe.de\/wp-content\/uploads\/2026\/04\/1000070178-1024x768.jpg 1024w, https:\/\/vskoe.de\/wp-content\/uploads\/2026\/04\/1000070178-300x225.jpg 300w, https:\/\/vskoe.de\/wp-content\/uploads\/2026\/04\/1000070178-768x576.jpg 768w, https:\/\/vskoe.de\/wp-content\/uploads\/2026\/04\/1000070178-1536x1152.jpg 1536w, https:\/\/vskoe.de\/wp-content\/uploads\/2026\/04\/1000070178-2048x1536.jpg 2048w, https:\/\/vskoe.de\/wp-content\/uploads\/2026\/04\/1000070178-1140x855.jpg 1140w\" sizes=\"auto, (max-width: 1024px) 100vw, 1024px\" \/><\/figure>\n<\/figure>\n\n\n\n<div style=\"height:40px\" aria-hidden=\"true\" class=\"wp-block-spacer\"><\/div>\n\n\n\n<p>Unser moderner Neubau der Mittagsbetreuung in der Mooseuracher Stra\u00dfe 15 (direkt neben der Turnhalle) wurde bereits im letzten Jahr bezogen und bietet ideale Bedingungen:<\/p>\n\n\n\n<ul class=\"wp-block-list\">\n<li>Hausaufgabenbetreuung: In ruhiger, konzentrierter Atmosph\u00e4re erledigen die Kinder ihre Aufgaben, begleitet von p\u00e4dagogischem Personal.<\/li>\n\n\n\n<li>Flexible Zeiten: Die Betreuung ist auf den Schulalltag abgestimmt, um Familien bestm\u00f6glich zu unterst\u00fctzen.<\/li>\n\n\n\n<li>Viel Raum f\u00fcr Gemeinschaft: Helle, einladende R\u00e4ume sowie die gro\u00dfz\u00fcgigen Au\u00dfenanlagen, die Turnhalle und der Allwetterplatz werden bereits aktiv genutzt, um den Kindern Raum zum Spielen, Basteln und Ausruhen zu geben.<\/li>\n\n\n\n<li>Gesundes Mittagessen: Ein kindgerechtes, frisches Mittagessen \u2013 teilweise in Bioqualit\u00e4t und regional \u2013 st\u00e4rkt K\u00f6rper und Geist.<\/li>\n\n\n\n<li>Freies Spiel &amp; kreative Impulse: Wir legen Wert darauf, dass die Kinder nach dem Schultag auch \u201eeinfach Kind sein\u201c k\u00f6nnen. Ob freies Spiel oder gezielte kreative Angebote \u2013 wir greifen die Impulse der Kinder auf.<\/li>\n<\/ul>\n\n\n\n<div style=\"height:40px\" aria-hidden=\"true\" class=\"wp-block-spacer\"><\/div>\n\n\n\n<h3 class=\"wp-block-heading has-text-color has-link-color wp-elements-1582f82e55afe8c729cda1a7e56e2f1d\" style=\"color:#fbc438;font-size:25px\"><strong>Kontakt &amp; Anmeldung<\/strong><\/h3>\n\n\n\n<p>Sie haben Fragen zum Konzept, den Kosten oder m\u00f6chten die Betreuung kennenlernen? Wir sind f\u00fcr Sie da.<\/p>\n\n\n\n<div class=\"wp-block-columns is-layout-flex wp-container-core-columns-is-layout-9d6595d7 wp-block-columns-is-layout-flex\">\n<div class=\"wp-block-column is-vertically-aligned-center is-layout-flow wp-block-column-is-layout-flow\" style=\"flex-basis:50%\">\n<p><strong>Ansprechpartnerin:<\/strong> Michaela Arendt (ErLe e. V.)<br><strong>Telefon:<\/strong> 0173 3815430<br><strong>E-Mail:<\/strong> arendt[at]erle-erlebnis-lernen.de<\/p>\n<\/div>\n\n\n\n<div class=\"wp-block-column is-layout-flow wp-block-column-is-layout-flow\" style=\"flex-basis:50%\">\n<figure class=\"wp-block-image size-full is-resized\"><img loading=\"lazy\" decoding=\"async\" width=\"265\" height=\"188\" src=\"https:\/\/vskoe.de\/wp-content\/uploads\/2026\/04\/erle-logo-hero-header.png\" alt=\"\" class=\"wp-image-1245\" style=\"width:197px;height:auto\"\/><\/figure>\n<\/div>\n<\/div>\n\n\n\n<p>Alle wichtigen Formulare zur Anmeldung sowie das detailliertes p\u00e4dagogische Konzept finden Sie direkt auf der <a href=\"https:\/\/www.erle-erlebnis-lernen.de\/mittagsbetreuung-der-grund-und-mittelschule-koenigsdorf\/\" target=\"_blank\" rel=\"noreferrer noopener\">Website von ErLe e. V.<\/a>.<\/p>\n\n\n\n<p><\/p>\n\n\n\n<p><\/p>\n\n\n\n<p><\/p>\n","protected":false},"excerpt":{"rendered":"<p>Unsere Mittagsbetreuung Die Mittagsbetreuung ist ein zentraler Ankerpunkt in unserem Schulleben. Sie bietet unseren Grundschulkindern einen verl\u00e4sslichen Raum, in dem sie nach Unterrichtsende spielen, essen und entspannen k\u00f6nnen \u2013 eine echte Entlastung f\u00fcr Familien und ein Gewinn f\u00fcr die Kinder. Bisher wurde unsere Mittagsbetreuung durch den Verein zur F\u00f6rderung von Kindern und Jugendlichen in K\u00f6nigsdorf e. V. mit viel Engagement organisiert. Wir bedanken uns herzlich beim Team der Mittagsbetreuung und dem Jugendf\u00f6rderverein f\u00fcr die langj\u00e4hrige Begleitung unserer Kinder. Um unsere Betreuung zukunftssicher und flexibel aufzustellen, steht zum Schuljahr 2026\/27 ein Wechsel des Tr\u00e4gers bevor: Ab September 2026 \u00fcbernimmt der Tr\u00e4ger ErLe \u2013 Erlebnis Lernen e. V. die Mittagsbetreuung an unserer Schule. Dieser Wechsel erm\u00f6glicht uns eine nahtlose Fortf\u00fchrung und Weiterentwicklung der bestehenden Angebote in bew\u00e4hrter Umgebung. Unser moderner Neubau der Mittagsbetreuung in der Mooseuracher Stra\u00dfe 15 (direkt neben der Turnhalle) wurde bereits im letzten Jahr bezogen und bietet ideale Bedingungen: Kontakt &amp; Anmeldung Sie haben Fragen zum Konzept, den Kosten oder m\u00f6chten die Betreuung kennenlernen? Wir sind f\u00fcr Sie da. Ansprechpartnerin: Michaela Arendt (ErLe e. V.)Telefon: 0173 3815430E-Mail: arendt[at]erle-erlebnis-lernen.de Alle wichtigen Formulare zur Anmeldung sowie das detailliertes p\u00e4dagogische Konzept finden Sie direkt auf der Website von ErLe e. V..<\/p>\n","protected":false},"author":2,"featured_media":0,"parent":0,"menu_order":0,"comment_status":"closed","ping_status":"closed","template":"","meta":{"footnotes":""},"class_list":["post-1192","page","type-page","status-publish","hentry"],"_links":{"self":[{"href":"https:\/\/vskoe.de\/index.php?rest_route=\/wp\/v2\/pages\/1192","targetHints":{"allow":["GET"]}}],"collection":[{"href":"https:\/\/vskoe.de\/index.php?rest_route=\/wp\/v2\/pages"}],"about":[{"href":"https:\/\/vskoe.de\/index.php?rest_route=\/wp\/v2\/types\/page"}],"author":[{"embeddable":true,"href":"https:\/\/vskoe.de\/index.php?rest_route=\/wp\/v2\/users\/2"}],"replies":[{"embeddable":true,"href":"https:\/\/vskoe.de\/index.php?rest_route=%2Fwp%2Fv2%2Fcomments&post=1192"}],"version-history":[{"count":5,"href":"https:\/\/vskoe.de\/index.php?rest_route=\/wp\/v2\/pages\/1192\/revisions"}],"predecessor-version":[{"id":1249,"href":"https:\/\/vskoe.de\/index.php?rest_route=\/wp\/v2\/pages\/1192\/revisions\/1249"}],"wp:attachment":[{"href":"https:\/\/vskoe.de\/index.php?rest_route=%2Fwp%2Fv2%2Fmedia&parent=1192"}],"curies":[{"name":"wp","href":"https:\/\/api.w.org\/{rel}","templated":true}]}}

<h2 class="wp-block-heading has-text-color has-link-color wp-elements-ecccd8974f23eb62ef4f1db95de9628f" style="color:#559a9d;font-size:35px"><strong>Unsere Mittagsbetreuung</strong></h2>



<figure class="wp-block-gallery has-nested-images columns-default is-cropped wp-block-gallery-1 is-layout-flex wp-block-gallery-is-layout-flex">
<figure class="wp-block-image size-large"><img loading="lazy" decoding="async" width="1024" height="768" data-id="1242" src="https://vskoe.de/wp-content/uploads/2026/04/1000070181-1-1024x768.jpg" alt="" class="wp-image-1242" srcset="https://vskoe.de/wp-content/uploads/2026/04/1000070181-1-1024x768.jpg 1024w, https://vskoe.de/wp-content/uploads/2026/04/1000070181-1-300x225.jpg 300w, https://vskoe.de/wp-content/uploads/2026/04/1000070181-1-768x576.jpg 768w, https://vskoe.de/wp-content/uploads/2026/04/1000070181-1-1536x1152.jpg 1536w, https://vskoe.de/wp-content/uploads/2026/04/1000070181-1-2048x1536.jpg 2048w, https://vskoe.de/wp-content/uploads/2026/04/1000070181-1-1140x855.jpg 1140w" sizes="auto, (max-width: 1024px) 100vw, 1024px" /></figure>



<figure class="wp-block-image size-large"><img loading="lazy" decoding="async" width="1024" height="768" data-id="1241" src="https://vskoe.de/wp-content/uploads/2026/04/1000070179-1-1024x768.jpg" alt="" class="wp-image-1241" srcset="https://vskoe.de/wp-content/uploads/2026/04/1000070179-1-1024x768.jpg 1024w, https://vskoe.de/wp-content/uploads/2026/04/1000070179-1-300x225.jpg 300w, https://vskoe.de/wp-content/uploads/2026/04/1000070179-1-768x576.jpg 768w, https://vskoe.de/wp-content/uploads/2026/04/1000070179-1-1536x1152.jpg 1536w, https://vskoe.de/wp-content/uploads/2026/04/1000070179-1-2048x1536.jpg 2048w, https://vskoe.de/wp-content/uploads/2026/04/1000070179-1-1140x855.jpg 1140w" sizes="auto, (max-width: 1024px) 100vw, 1024px" /></figure>
</figure>



<div style="height:40px" aria-hidden="true" class="wp-block-spacer"></div>



<p>Die Mittagsbetreuung ist ein zentraler Ankerpunkt in unserem Schulleben. Sie bietet unseren Grundschulkindern einen verlässlichen Raum, in dem sie nach Unterrichtsende spielen, essen und entspannen können – eine echte Entlastung für Familien und ein Gewinn für die Kinder.</p>



<p>Bisher wurde unsere Mittagsbetreuung durch den <em><a href="http://www.jf-koenigsdorf.de/">Verein zur Förderung von Kindern und Jugendlichen in Königsdorf e. V.</a></em> mit viel Engagement organisiert. Wir bedanken uns herzlich beim Team der Mittagsbetreuung und dem Jugendförderverein für die langjährige Begleitung unserer Kinder.</p>



<p>Um unsere Betreuung zukunftssicher und flexibel aufzustellen, steht zum Schuljahr 2026/27 ein Wechsel des Trägers bevor: Ab September 2026 übernimmt der Träger <em>ErLe – Erlebnis Lernen e. V.</em> die Mittagsbetreuung an unserer Schule<strong>.</strong> Dieser Wechsel ermöglicht uns eine nahtlose Fortführung und Weiterentwicklung der bestehenden Angebote in bewährter Umgebung.</p>



<div style="height:40px" aria-hidden="true" class="wp-block-spacer"></div>



<figure class="wp-block-gallery has-nested-images columns-default is-cropped wp-block-gallery-2 is-layout-flex wp-block-gallery-is-layout-flex">
<figure class="wp-block-image size-large"><img loading="lazy" decoding="async" width="1024" height="768" data-id="1244" src="https://vskoe.de/wp-content/uploads/2026/04/1000070177-1024x768.jpg" alt="" class="wp-image-1244" srcset="https://vskoe.de/wp-content/uploads/2026/04/1000070177-1024x768.jpg 1024w, https://vskoe.de/wp-content/uploads/2026/04/1000070177-300x225.jpg 300w, https://vskoe.de/wp-content/uploads/2026/04/1000070177-768x576.jpg 768w, https://vskoe.de/wp-content/uploads/2026/04/1000070177-1536x1152.jpg 1536w, https://vskoe.de/wp-content/uploads/2026/04/1000070177-2048x1536.jpg 2048w, https://vskoe.de/wp-content/uploads/2026/04/1000070177-1140x855.jpg 1140w" sizes="auto, (max-width: 1024px) 100vw, 1024px" /></figure>



<figure class="wp-block-image size-large"><img loading="lazy" decoding="async" width="1024" height="768" data-id="1243" src="https://vskoe.de/wp-content/uploads/2026/04/1000070178-1024x768.jpg" alt="" class="wp-image-1243" srcset="https://vskoe.de/wp-content/uploads/2026/04/1000070178-1024x768.jpg 1024w, https://vskoe.de/wp-content/uploads/2026/04/1000070178-300x225.jpg 300w, https://vskoe.de/wp-content/uploads/2026/04/1000070178-768x576.jpg 768w, https://vskoe.de/wp-content/uploads/2026/04/1000070178-1536x1152.jpg 1536w, https://vskoe.de/wp-content/uploads/2026/04/1000070178-2048x1536.jpg 2048w, https://vskoe.de/wp-content/uploads/2026/04/1000070178-1140x855.jpg 1140w" sizes="auto, (max-width: 1024px) 100vw, 1024px" /></figure>
</figure>



<div style="height:40px" aria-hidden="true" class="wp-block-spacer"></div>



<p>Unser moderner Neubau der Mittagsbetreuung in der Mooseuracher Straße 15 (direkt neben der Turnhalle) wurde bereits im letzten Jahr bezogen und bietet ideale Bedingungen:</p>



<ul class="wp-block-list">
<li>Hausaufgabenbetreuung: In ruhiger, konzentrierter Atmosphäre erledigen die Kinder ihre Aufgaben, begleitet von pädagogischem Personal.</li>



<li>Flexible Zeiten: Die Betreuung ist auf den Schulalltag abgestimmt, um Familien bestmöglich zu unterstützen.</li>



<li>Viel Raum für Gemeinschaft: Helle, einladende Räume sowie die großzügigen Außenanlagen, die Turnhalle und der Allwetterplatz werden bereits aktiv genutzt, um den Kindern Raum zum Spielen, Basteln und Ausruhen zu geben.</li>



<li>Gesundes Mittagessen: Ein kindgerechtes, frisches Mittagessen – teilweise in Bioqualität und regional – stärkt Körper und Geist.</li>



<li>Freies Spiel &amp; kreative Impulse: Wir legen Wert darauf, dass die Kinder nach dem Schultag auch „einfach Kind sein“ können. Ob freies Spiel oder gezielte kreative Angebote – wir greifen die Impulse der Kinder auf.</li>
</ul>



<div style="height:40px" aria-hidden="true" class="wp-block-spacer"></div>



<h3 class="wp-block-heading has-text-color has-link-color wp-elements-1582f82e55afe8c729cda1a7e56e2f1d" style="color:#fbc438;font-size:25px"><strong>Kontakt &amp; Anmeldung</strong></h3>



<p>Sie haben Fragen zum Konzept, den Kosten oder möchten die Betreuung kennenlernen? Wir sind für Sie da.</p>



<div class="wp-block-columns is-layout-flex wp-container-core-columns-is-layout-9d6595d7 wp-block-columns-is-layout-flex">
<div class="wp-block-column is-vertically-aligned-center is-layout-flow wp-block-column-is-layout-flow" style="flex-basis:50%">
<p><strong>Ansprechpartnerin:</strong> Michaela Arendt (ErLe e. V.)<br><strong>Telefon:</strong> 0173 3815430<br><strong>E-Mail:</strong> arendt[at]erle-erlebnis-lernen.de</p>
</div>



<div class="wp-block-column is-layout-flow wp-block-column-is-layout-flow" style="flex-basis:50%">
<figure class="wp-block-image size-full is-resized"><img loading="lazy" decoding="async" width="265" height="188" src="https://vskoe.de/wp-content/uploads/2026/04/erle-logo-hero-header.png" alt="" class="wp-image-1245" style="width:197px;height:auto"/></figure>
</div>
</div>



<p>Alle wichtigen Formulare zur Anmeldung sowie das detailliertes pädagogische Konzept finden Sie direkt auf der <a href="https://www.erle-erlebnis-lernen.de/mittagsbetreuung-der-grund-und-mittelschule-koenigsdorf/" target="_blank" rel="noreferrer noopener">Website von ErLe e. V.</a>.</p>



<p></p>



<p></p>



<p></p>

<p>Unsere Mittagsbetreuung Die Mittagsbetreuung ist ein zentraler Ankerpunkt in unserem Schulleben. Sie bietet unseren Grundschulkindern einen verlässlichen Raum, in dem sie nach Unterrichtsende spielen, essen und entspannen können – eine echte Entlastung für Familien und ein Gewinn für die Kinder. Bisher wurde unsere Mittagsbetreuung durch den Verein zur Förderung von Kindern und Jugendlichen in Königsdorf e. V. mit viel Engagement organisiert. Wir bedanken uns herzlich beim Team der Mittagsbetreuung und dem Jugendförderverein für die langjährige Begleitung unserer Kinder. Um unsere Betreuung zukunftssicher und flexibel aufzustellen, steht zum Schuljahr 2026/27 ein Wechsel des Trägers bevor: Ab September 2026 übernimmt der Träger ErLe – Erlebnis Lernen e. V. die Mittagsbetreuung an unserer Schule. Dieser Wechsel ermöglicht uns eine nahtlose Fortführung und Weiterentwicklung der bestehenden Angebote in bewährter Umgebung. Unser moderner Neubau der Mittagsbetreuung in der Mooseuracher Straße 15 (direkt neben der Turnhalle) wurde bereits im letzten Jahr bezogen und bietet ideale Bedingungen: Kontakt &amp; Anmeldung Sie haben Fragen zum Konzept, den Kosten oder möchten die Betreuung kennenlernen? Wir sind für Sie da. Ansprechpartnerin: Michaela Arendt (ErLe e. V.)Telefon: 0173 3815430E-Mail: arendt[at]erle-erlebnis-lernen.de Alle wichtigen Formulare zur Anmeldung sowie das detailliertes pädagogische Konzept finden Sie direkt auf der Website von ErLe e. V..</p>
