{"id":1131,"date":"2026-04-27T13:52:50","date_gmt":"2026-04-27T11:52:50","guid":{"rendered":"https:\/\/vskoe.de\/?page_id=1131"},"modified":"2026-04-27T16:13:58","modified_gmt":"2026-04-27T14:13:58","slug":"kollegium","status":"publish","type":"page","link":"https:\/\/vskoe.de\/?page_id=1131","title":{"rendered":"Unser Kollegium"},"content":{"rendered":"\n<p>Liebe Eltern und Erziehungsberechtigte unserer Sch\u00fclerinnen und Sch\u00fcler,<\/p>\n\n\n\n<p>alle Lehrkr\u00e4fte k\u00f6nnen Sie \u00fcber unsere Kommunikationsplattform &#8222;Schulmanager&#8220; erreichen. Bitte entlasten Sie die Schulverwaltung, indem Sie Fragen nach Sprechterminen usw. gleich an die jeweilige Lehrkraft richten. Vielen herzlichen Dank!<\/p>\n\n\n\n<h2 class=\"wp-block-heading has-text-align-center has-text-color has-link-color wp-elements-b8cb7bb2d40bf94142f8fc900b875019\" style=\"color:#fbc438;font-size:25px\">Klassenlehrk\u00e4fte<\/h2>\n\n\n\n<figure class=\"wp-block-table is-style-stripes\"><table><thead><tr><th class=\"has-text-align-center\" data-align=\"center\">Klasse<\/th><th class=\"has-text-align-center\" data-align=\"center\">Lehrkraft<\/th><\/tr><\/thead><tbody><tr><td class=\"has-text-align-center\" data-align=\"center\">1\/2a<\/td><td class=\"has-text-align-center\" data-align=\"center\">Frau K. Kickuth, Lin<\/td><\/tr><tr><td class=\"has-text-align-center\" data-align=\"center\">1\/2b<\/td><td class=\"has-text-align-center\" data-align=\"center\">Frau A. Alder, Lin<\/td><\/tr><tr><td class=\"has-text-align-center\" data-align=\"center\">1\/2c<\/td><td class=\"has-text-align-center\" data-align=\"center\">Frau K. Ettner, StRin GS<\/td><\/tr><tr><td class=\"has-text-align-center\" data-align=\"center\">1\/2d<\/td><td class=\"has-text-align-center\" data-align=\"center\">Frau N. Petersen, Lin<\/td><\/tr><tr><td class=\"has-text-align-center\" data-align=\"center\">3\/4a<\/td><td class=\"has-text-align-center\" data-align=\"center\">Frau V. Nagel, Lin<\/td><\/tr><tr><td class=\"has-text-align-center\" data-align=\"center\">3\/4b<\/td><td class=\"has-text-align-center\" data-align=\"center\">Herr B. Hirschmann, L<\/td><\/tr><tr><td class=\"has-text-align-center\" data-align=\"center\">3\/4c<\/td><td class=\"has-text-align-center\" data-align=\"center\">Frau V. Hein, Lin<\/td><\/tr><tr><td class=\"has-text-align-center\" data-align=\"center\">5<\/td><td class=\"has-text-align-center\" data-align=\"center\">Herr T. List, LAA<\/td><\/tr><tr><td class=\"has-text-align-center\" data-align=\"center\">6<\/td><td class=\"has-text-align-center\" data-align=\"center\">Frau K. Reis, Lin<\/td><\/tr><tr><td class=\"has-text-align-center\" data-align=\"center\">7<\/td><td class=\"has-text-align-center\" data-align=\"center\">Frau L. Hartl, Lin<\/td><\/tr><tr><td class=\"has-text-align-center\" data-align=\"center\">8<\/td><td class=\"has-text-align-center\" data-align=\"center\">Frau C. Pfl\u00fcger, StRin MS<\/td><\/tr><tr><td class=\"has-text-align-center\" data-align=\"center\">9<\/td><td class=\"has-text-align-center\" data-align=\"center\">Frau A. Liebmann. StRin MS<\/td><\/tr><\/tbody><\/table><\/figure>\n\n\n\n<h2 class=\"wp-block-heading has-text-align-center has-text-color has-link-color wp-elements-4b69eeccab3e518c1d460ae7d8686cff\" style=\"color:#8ebd48;font-size:25px\">Fachlehrkr\u00e4fte<\/h2>\n\n\n\n<p class=\"has-text-align-center\">Frau M. Glasl, FOLin<br>Frau L. Hartmann-Huber, FLin i. K.<br>Frau L. Kraus, FLin<br>Herr A. Lechner, FL<br>Frau S. Neumeier, FLin i. K.<br>Frau M. Obermeier, FLin<br>Frau C. Thomann, FOLin<br><\/p>\n\n\n\n<h2 class=\"wp-block-heading has-text-align-center has-text-color has-link-color wp-elements-6fcdd91641f9dacd0ac6c7a05b55959f\" style=\"color:#417078;font-size:25px\">zus\u00e4tzliche Lehrkr\u00e4fte<\/h2>\n\n\n\n<p class=\"has-text-align-center\">Herr S. Arneth, R<br>Frau S. Bischoff, Lin<br>Frau M. Charvin, Lin<br>Frau N. Duschek, Lin<br>Frau P. Fuhrmann, Substitutionskraft<br>Herr T. Lingenberg, L<br>Frau M. Meindl, p\u00e4d. Unterst\u00fctzungskraft<br>Frau P. Ring, Lin<br>Frau C. Sch\u00f6llhorn, Lin (mobile Reserve) <br>Frau B. Stillrich, F\u00d6Lin<br>Frau L. Teubner, LAA<br>Frau E. Wohlfarter, KRin<br>Frau J. Welsch, Substitutionskraft<\/p>\n\n\n\n<p><\/p>\n","protected":false},"excerpt":{"rendered":"<p>Liebe Eltern und Erziehungsberechtigte unserer Sch\u00fclerinnen und Sch\u00fcler, alle Lehrkr\u00e4fte k\u00f6nnen Sie \u00fcber unsere Kommunikationsplattform &#8222;Schulmanager&#8220; erreichen. Bitte entlasten Sie die Schulverwaltung, indem Sie Fragen nach Sprechterminen usw. gleich an die jeweilige Lehrkraft richten. Vielen herzlichen Dank! Klassenlehrk\u00e4fte Klasse Lehrkraft 1\/2a Frau K. Kickuth, Lin 1\/2b Frau A. Alder, Lin 1\/2c Frau K. Ettner, StRin GS 1\/2d Frau N. Petersen, Lin 3\/4a Frau V. Nagel, Lin 3\/4b Herr B. Hirschmann, L 3\/4c Frau V. Hein, Lin 5 Herr T. List, LAA 6 Frau K. Reis, Lin 7 Frau L. Hartl, Lin 8 Frau C. Pfl\u00fcger, StRin MS 9 Frau A. Liebmann. StRin MS Fachlehrkr\u00e4fte Frau M. Glasl, FOLinFrau L. Hartmann-Huber, FLin i. K.Frau L. Kraus, FLinHerr A. Lechner, FLFrau S. Neumeier, FLin i. K.Frau M. Obermeier, FLinFrau C. Thomann, FOLin zus\u00e4tzliche Lehrkr\u00e4fte Herr S. Arneth, RFrau S. Bischoff, LinFrau M. Charvin, LinFrau N. Duschek, LinFrau P. Fuhrmann, SubstitutionskraftHerr T. Lingenberg, LFrau M. Meindl, p\u00e4d. Unterst\u00fctzungskraftFrau P. Ring, LinFrau C. Sch\u00f6llhorn, Lin (mobile Reserve) Frau B. Stillrich, F\u00d6LinFrau L. Teubner, LAAFrau E. Wohlfarter, KRinFrau J. Welsch, Substitutionskraft<\/p>\n","protected":false},"author":2,"featured_media":0,"parent":0,"menu_order":0,"comment_status":"closed","ping_status":"closed","template":"","meta":{"footnotes":""},"class_list":["post-1131","page","type-page","status-publish","hentry"],"_links":{"self":[{"href":"https:\/\/vskoe.de\/index.php?rest_route=\/wp\/v2\/pages\/1131","targetHints":{"allow":["GET"]}}],"collection":[{"href":"https:\/\/vskoe.de\/index.php?rest_route=\/wp\/v2\/pages"}],"about":[{"href":"https:\/\/vskoe.de\/index.php?rest_route=\/wp\/v2\/types\/page"}],"author":[{"embeddable":true,"href":"https:\/\/vskoe.de\/index.php?rest_route=\/wp\/v2\/users\/2"}],"replies":[{"embeddable":true,"href":"https:\/\/vskoe.de\/index.php?rest_route=%2Fwp%2Fv2%2Fcomments&post=1131"}],"version-history":[{"count":5,"href":"https:\/\/vskoe.de\/index.php?rest_route=\/wp\/v2\/pages\/1131\/revisions"}],"predecessor-version":[{"id":1174,"href":"https:\/\/vskoe.de\/index.php?rest_route=\/wp\/v2\/pages\/1131\/revisions\/1174"}],"wp:attachment":[{"href":"https:\/\/vskoe.de\/index.php?rest_route=%2Fwp%2Fv2%2Fmedia&parent=1131"}],"curies":[{"name":"wp","href":"https:\/\/api.w.org\/{rel}","templated":true}]}}

<p>Liebe Eltern und Erziehungsberechtigte unserer Schülerinnen und Schüler,</p>



<p>alle Lehrkräfte können Sie über unsere Kommunikationsplattform &#8222;Schulmanager&#8220; erreichen. Bitte entlasten Sie die Schulverwaltung, indem Sie Fragen nach Sprechterminen usw. gleich an die jeweilige Lehrkraft richten. Vielen herzlichen Dank!</p>



<h2 class="wp-block-heading has-text-align-center has-text-color has-link-color wp-elements-b8cb7bb2d40bf94142f8fc900b875019" style="color:#fbc438;font-size:25px">Klassenlehrkäfte</h2>



<figure class="wp-block-table is-style-stripes"><table><thead><tr><th class="has-text-align-center" data-align="center">Klasse</th><th class="has-text-align-center" data-align="center">Lehrkraft</th></tr></thead><tbody><tr><td class="has-text-align-center" data-align="center">1/2a</td><td class="has-text-align-center" data-align="center">Frau K. Kickuth, Lin</td></tr><tr><td class="has-text-align-center" data-align="center">1/2b</td><td class="has-text-align-center" data-align="center">Frau A. Alder, Lin</td></tr><tr><td class="has-text-align-center" data-align="center">1/2c</td><td class="has-text-align-center" data-align="center">Frau K. Ettner, StRin GS</td></tr><tr><td class="has-text-align-center" data-align="center">1/2d</td><td class="has-text-align-center" data-align="center">Frau N. Petersen, Lin</td></tr><tr><td class="has-text-align-center" data-align="center">3/4a</td><td class="has-text-align-center" data-align="center">Frau V. Nagel, Lin</td></tr><tr><td class="has-text-align-center" data-align="center">3/4b</td><td class="has-text-align-center" data-align="center">Herr B. Hirschmann, L</td></tr><tr><td class="has-text-align-center" data-align="center">3/4c</td><td class="has-text-align-center" data-align="center">Frau V. Hein, Lin</td></tr><tr><td class="has-text-align-center" data-align="center">5</td><td class="has-text-align-center" data-align="center">Herr T. List, LAA</td></tr><tr><td class="has-text-align-center" data-align="center">6</td><td class="has-text-align-center" data-align="center">Frau K. Reis, Lin</td></tr><tr><td class="has-text-align-center" data-align="center">7</td><td class="has-text-align-center" data-align="center">Frau L. Hartl, Lin</td></tr><tr><td class="has-text-align-center" data-align="center">8</td><td class="has-text-align-center" data-align="center">Frau C. Pflüger, StRin MS</td></tr><tr><td class="has-text-align-center" data-align="center">9</td><td class="has-text-align-center" data-align="center">Frau A. Liebmann. StRin MS</td></tr></tbody></table></figure>



<h2 class="wp-block-heading has-text-align-center has-text-color has-link-color wp-elements-4b69eeccab3e518c1d460ae7d8686cff" style="color:#8ebd48;font-size:25px">Fachlehrkräfte</h2>



<p class="has-text-align-center">Frau M. Glasl, FOLin<br>Frau L. Hartmann-Huber, FLin i. K.<br>Frau L. Kraus, FLin<br>Herr A. Lechner, FL<br>Frau S. Neumeier, FLin i. K.<br>Frau M. Obermeier, FLin<br>Frau C. Thomann, FOLin<br></p>



<h2 class="wp-block-heading has-text-align-center has-text-color has-link-color wp-elements-6fcdd91641f9dacd0ac6c7a05b55959f" style="color:#417078;font-size:25px">zusätzliche Lehrkräfte</h2>



<p class="has-text-align-center">Herr S. Arneth, R<br>Frau S. Bischoff, Lin<br>Frau M. Charvin, Lin<br>Frau N. Duschek, Lin<br>Frau P. Fuhrmann, Substitutionskraft<br>Herr T. Lingenberg, L<br>Frau M. Meindl, päd. Unterstützungskraft<br>Frau P. Ring, Lin<br>Frau C. Schöllhorn, Lin (mobile Reserve) <br>Frau B. Stillrich, FÖLin<br>Frau L. Teubner, LAA<br>Frau E. Wohlfarter, KRin<br>Frau J. Welsch, Substitutionskraft</p>



<p></p>

<p>Liebe Eltern und Erziehungsberechtigte unserer Schülerinnen und Schüler, alle Lehrkräfte können Sie über unsere Kommunikationsplattform &#8222;Schulmanager&#8220; erreichen. Bitte entlasten Sie die Schulverwaltung, indem Sie Fragen nach Sprechterminen usw. gleich an die jeweilige Lehrkraft richten. Vielen herzlichen Dank! Klassenlehrkäfte Klasse Lehrkraft 1/2a Frau K. Kickuth, Lin 1/2b Frau A. Alder, Lin 1/2c Frau K. Ettner, StRin GS 1/2d Frau N. Petersen, Lin 3/4a Frau V. Nagel, Lin 3/4b Herr B. Hirschmann, L 3/4c Frau V. Hein, Lin 5 Herr T. List, LAA 6 Frau K. Reis, Lin 7 Frau L. Hartl, Lin 8 Frau C. Pflüger, StRin MS 9 Frau A. Liebmann. StRin MS Fachlehrkräfte Frau M. Glasl, FOLinFrau L. Hartmann-Huber, FLin i. K.Frau L. Kraus, FLinHerr A. Lechner, FLFrau S. Neumeier, FLin i. K.Frau M. Obermeier, FLinFrau C. Thomann, FOLin zusätzliche Lehrkräfte Herr S. Arneth, RFrau S. Bischoff, LinFrau M. Charvin, LinFrau N. Duschek, LinFrau P. Fuhrmann, SubstitutionskraftHerr T. Lingenberg, LFrau M. Meindl, päd. UnterstützungskraftFrau P. Ring, LinFrau C. Schöllhorn, Lin (mobile Reserve) Frau B. Stillrich, FÖLinFrau L. Teubner, LAAFrau E. Wohlfarter, KRinFrau J. Welsch, Substitutionskraft</p>
